is the remainder when x is divided by 20?
13
Suppose 4*x - 2*x = 32. Calculate the remainder when 115 is divided by x.
3
Let o be (1 - -1) + (3 - -4). Let b be (24/o)/((-3)/9). Calculate the remainder when -39*(b/12)/1 is divided by 9.
8
Let v(n) = -n**3 + 37*n**2 + 41*n + 41. Calculate the remainder when v(38) is divided by 55.
45
Suppose -4*b + 59 - 19 = 0. Suppose -b*j = -8*j - 94. Calculate the remainder when j is divided by 25.
22
Let i be (-1)/((-1)/10*2). Suppose -i*b = -3*b - 64. Calculate the remainder when b is divided by 11*1 - 0/12.
10
Suppose 14*n = 9*n + 15. Suppose 2 - n = g. Let a = 8 + g. What is the remainder when 27 is divided by a?
6
Let w = 20 - 8. Calculate the remainder when 10/((-70)/(-21))*(-47)/(-3) is divided by w.
11
Let f(m) = m**3 + m**2 - 27*m + 74. What is the remainder when 272 is divided by f(5)?
5
Let m(a) = 4*a**2 - 2*a + 4. Suppose 0*u - 5*u + 20 = 0. Suppose 4*j = -u*s, -s + 3*s + 5*j = -6. What is the remainder when 46 is divided by m(s)?
14
Let g = -10 - -16. Let m = g - 4. Suppose m*t = -4*l - l + 355, 4*l - 287 = -t. What is the remainder when l is divided by 25?
23
Let m(j) = -j**2 - j. Let l(v) = -v**2 + 11*v - 1. Let s(y) = -l(y) + 2*m(y). Calculate the remainder when 255 is divided by s(-7).
40
What is the remainder when 141 is divided by (9/8)/(12/192)?
15
Let g = -36 + 39. Suppose y = -4*t - 9, -g*y + y - 2 = 4*t. What is the remainder when 26 is divided by y?
5
Suppose -19 - 8 = -3*u. Suppose 3*y = 3*c - 162, 133 = -4*y + 3*c - 81. Let i = -28 - y. Calculate the remainder when i is divided by u.
6
Let c(x) = -x**3 + 4*x**2 - 5*x + 10. Let b be c(3). What is the remainder when ((-7)/(147/156))/(b/(-14)) is divided by 12?
2
Suppose 2*g - g - 34 = 0. Suppose t + 3*t - 4*o - 528 = 0, 5*t = -o + 672. Calculate the remainder when t is divided by g.
32
Let q(a) = -158 - a**2 - 11*a + 69 + 74. What is the remainder when 4/(-6)*(4 - 37) is divided by q(-8)?
4
Let i(c) = -c**2 + 26*c + 15. What is the remainder when i(6) is divided by 34?
33
Let q = 39 + -38. Let o(n) = 16*n + 1 + 22*n + 4*n. Calculate the remainder when o(q) is divided by 23.
20
Let i = 119 + -53. What is the remainder when i is divided by 17?
15
Suppose -431 = -5*h - 2*g, -2*h - 3*g + 110 + 69 = 0. Calculate the remainder when h is divided by 124/6 + 1 + 1/3.
19
Let y(t) = 2 + 21*t - 8 + 9. What is the remainder when y(1) is divided by 13?
11
Let y(c) = -c**3 - 6*c**2 - 7*c + 6. Suppose 22 = r - k, 4*k - 11 = -4*r + 37. What is the remainder when y(-6) is divided by r?
14
Let j be (-21 - 1)/((-30)/75). Suppose -4*c + 5*n = -j, n + 3*n - 28 = -4*c. Calculate the remainder when 56 is divided by c.
6
Suppose v - 3*h = 87, -2*h - 649 = -5*v - 188. Calculate the remainder when v is divided by 59.
34
Let o(h) = -h**2 + 7*h + 10. Let q = -51 + 58. What is the remainder when 18 is divided by o(q)?
8
Let c be (-8)/14 + 156/273. Let r be 3/((-24)/26)*-4. Let m = c + r. Calculate the remainder when 24 is divided by m.
11
Let a(h) = 4*h**3 - 23*h**2 + 7*h + 12. What is the remainder when 350 is divided by a(6)?
80
Let s = -5 - -11. Suppose 2*h - o + 68 = 0, h + 5*o + 10 = -24. Let m = -26 - h. Calculate the remainder when m is divided by s.
2
Suppose -10*d - 140 = -3*d. Let l(x) = x + 25. Calculate the remainder when l(d) is divided by 2.
1
Let g be 9/9 - 3/(-1). Suppose 5*d - 2*b = 3, b + 12 = -g*d - b. Let z(q) = 29*q**2 - 1. Calculate the remainder when z(d) is divided by 10.
8
Suppose 2*k + 5*n = 48, 3*k - 148 = -k + 3*n. What is the remainder when 42 is divided by k?
8
Let j(p) = p**3 - 32*p**2 + 93*p - 94. Calculate the remainder when 394 is divided by j(29).
74
Let q = -69 - -95. Let i = -7 + q. Let f = 39 - -17. What is the remainder when f is divided by i?
18
Suppose 0 = -z - d + 3 + 2, 3*d = 0. Suppose -215 = -0*u - z*u. Calculate the remainder when u is divided by 22.
21
Let m(i) = i**3 - 7*i**2 - 15*i + 3. Let a be m(9). Suppose 3*t - 19 = 2*v, 4*v = 5*t - v - a. Calculate the remainder when t is divided by 2.
1
Suppose -5*y = -2*y - 9. Suppose 4*f + 42 = 5*i, -5*i - 2*f - y*f + 60 = 0. Calculate the remainder when 21 - (3 - (2 - 1)) is divided by i.
9
Let r = 8 - 4. Suppose -3*v - r + 58 = 0. Calculate the remainder when v is divided by 4.
2
Let n(k) = 6*k + 5. Let t(i) = 3*i**2 - 2*i - 1. Let s be t(2). Calculate the remainder when n(s) is divided by 17.
13
Let r be ((0 - (0 - 15)) + -5)*2. Let z = 0 - -4. What is the remainder when 284/5 + z/r is divided by 20?
17
Suppose y = -2*r + 62, y - 32 = -2*r + r. Let h = 28 - 22. What is the remainder when r is divided by h - 2 - -5 - 1?
6
Let g(j) = -1 + 2*j - 1 - 2*j**3 - 1 + j**3. What is the remainder when g(-4) is divided by (-176)/(-10) + 40/100?
17
Let n = -1191 - -1194. Calculate the remainder when 90/8 + (-2)/8 is divided by n.
2
Suppose 4*f = 6*f - 62. Let d = 756 + -699. Calculate the remainder when d is divided by f.
26
Suppose 12*p = -4*p + 2080. Let o = p + -110. What is the remainder when 32 is divided by o?
12
What is the remainder when 1 - 5 - (-78 + (-6 - -4)) is divided by 16?
12
Calculate the remainder when (-1)/3 + 0 - (-22984)/507 is divided by 6.
3
Let g(j) = 5*j - 20. Let d be g(4). Suppose d = -5*r - 5*r + 140. What is the remainder when 67 is divided by r?
11
Let i(p) = -p + 2. Let x be 10/(0 + 2) + 0. Suppose 147 = x*u - 3*m, -m + 4 = 3. Calculate the remainder when u is divided by i(-6).
6
Let p = 0 - -14. Calculate the remainder when (-5*1/(-5))/((-3)/(-159)) is divided by p.
11
Suppose 0 = -21*m + 20*m + 123. Let q = 15 + 16. Calculate the remainder when m is divided by q.
30
Let z = -19 - -9. Let t be 1060/14 + z/(-35). Let g = -13 + t. What is the remainder when g is divided by 33?
30
Let u(d) = -d + 34. Let z be u(10). Calculate the remainder when 21 is divided by z/(-14)*(4 - 75/10).
3
Let w(r) = -2*r - 5. Let v(g) be the first derivative of g**4/4 - 3*g**3 - 5*g**2 + 4*g - 8. What is the remainder when w(-5) is divided by v(10)?
1
Suppose -4 + 19 = 3*r. Suppose 41 = 5*u - 4*y, -15 = r*u + 5*y - 65. Let x = -201 - -207. Calculate the remainder when u is divided by x.
3
Suppose -10 = 2*w, 3*h - 1 = 7*h + 5*w. Let y(i) = -22*i + 1. Let s be (-3)/(-6)*2 - 2. Calculate the remainder when y(s) is divided by h.
5
Let s(h) = 42*h - 4. Let f be s(-3). Calculate the remainder when 6/8 - f/8 is divided by ((-2)/(-1))/(1/3).
5
Suppose -107 = -34*v + 267. Calculate the remainder when 40 is divided by v.
7
Suppose 10*p = 14*p - 740. Calculate the remainder when p is divided by 17.
15
Let m(j) = -j**2 + 3*j + 2. Let r be m(3). Let n = -337 + 342. Suppose 0 = -2*w - 8, r + 26 = 2*h + n*w. Calculate the remainder when h is divided by 14.
10
Let o = 275 + -151. Let n = -110 + o. What is the remainder when 138 is divided by n?
12
What is the remainder when (-25758)/(-57) - (-12)/114 is divided by 20?
12
Let k = -83 + 5. Let z be (-2)/(-7) + k/(-21). Let m(s) = s - 3. Calculate the remainder when 1 is divided by m(z).
0
Suppose -4*r + 4 = 12. What is the remainder when 1/r*(19 + -57) is divided by 5?
4
Suppose -2*n + 7*n = f - 25, 0 = 5*f - 4*n - 41. Let v = 10 + f. Suppose -10*m = -144 - 436. What is the remainder when m is divided by v?
13
Let v(g) = g**3 + 6*g**2 - 5*g - 17. What is the remainder when (22/(-10) - 2)*-10 is divided by v(-6)?
3
Suppose 0 = -4*q + 15*q - 88. Let k = 11 + 10. Calculate the remainder when k is divided by q.
5
Suppose -160 = -13*r + 386. Calculate the remainder when 76 is divided by r.
34
Let t be 96/15 + 4/(-10). Let i = t - 5. Suppose 5*a - 10 = 0, -3*u + 15 - i = -5*a. What is the remainder when 29 is divided by u?
5
Let n = -53 - -53. Suppose 4*d + 2*x - 50 = 0, n = -x - 1 + 4. Calculate the remainder when 54 is divided by d.
10
Let x be 12/8 - 3/2. Suppose -28 = -2*z - 2*g, -5*g + x*g = -5*z + 110. Suppose 0 = 6*f - 196 - 2. What is the remainder when f is divided by z?
15
Let g = 1266 + -1214. Calculate the remainder when 114 is divided by g.
10
Suppose 103*n - 867 = 86*n. Suppose 0 = 4*j - 4*r - 24, j - 57 = -4*j - 4*r. Let o = 27 - j. What is the remainder when n is divided by o?
15
Let w = 5 + 16. Suppose 4*b = 39 + w. What is the remainder when 59 is divided by b?
14
Let o(z) = z**2 + z - 9. Let q be o(-10). Let c = -68 + q. Calcul